2 + 72. Let y be f(j). What is the greatest common divisor of x and y?
41
Let z be -1 + 2 + -1 + 21. Suppose 1366 = 12*d - 398. What is the highest common factor of z and d?
21
Suppose -129 + 9 = -4*w. Suppose -w*u = -29*u - 61. Suppose u + 15 = 2*g. What is the highest common factor of g and 76?
38
Let i(g) = 693*g + 764. Let v be i(0). Calculate the highest common factor of 28 and v.
4
Suppose 0 = 3*x - 5*s - 537, -358 = -0*x - 2*x + 5*s. Let w = x + -119. Suppose w = 4*n - 40. What is the greatest common factor of 5 and n?
5
Let a be (144/(-5))/(-12 + (-1357)/(-115)). What is the greatest common divisor of 1656 and a?
72
Let s = 71 + -67. Suppose -2*u + 4*d + 102 = 0, -84 = -s*u + 4*d + 140. Suppose 0 = 12*y - u - 23. Calculate the highest common divisor of 133 and y.
7
Let v be 63/(-21)*(-28)/6. Suppose -74 + v = -12*g. Calculate the greatest common divisor of g and 20.
5
Suppose 408 = -4*v - 416. Suppose 5933 - 1983 = -10*w. Let s = v - w. Calculate the greatest common divisor of s and 21.
21
Let g be (-6)/(-4) - 110*(-4)/16. Let h = -7 + g. Let f(u) = 2*u**3 + 12*u**2 + 6*u - 9. Let z be f(-5). Calculate the greatest common factor of z and h.
11
Let z be 2/4*(2 + 0). Let n = -28727 + 28729. What is the highest common factor of z and n?
1
Suppose -o = -3*c - 96 + 82, 63 = 2*o + c. Calculate the greatest common factor of 783 and o.
29
Suppose -5*k + 5 = 5*f - 0*f, f + 1 = 0. Suppose 4*d = -3*i + 303, k*i - 3*d - 324 = -i. Suppose -6*x = -x - i. Calculate the greatest common factor of x and 6.
3
Suppose 0 = -23*o + 2542 - 564. Calculate the greatest common factor of o and 3612.
86
Let s(m) = -m**3 - 4*m**2 + 6*m + 56. Let k be s(-4). Calculate the greatest common divisor of k and 2496.
32
Let d be 10 + 7 + -14 - -1777. What is the highest common divisor of d and 180?
20
Let n be (-10)/(-25) - (1248/10)/(-3). Let c = n - -426. Calculate the greatest common factor of c and 36.
36
Let m = 35 + -16. Suppose -m - 93 = -4*r. Let o = -8 + r. What is the highest common divisor of o and 180?
20
Suppose 313 = r + 63. Let z(t) = 62862*t + 188636. Let b be z(-3). What is the greatest common divisor of r and b?
50
Let c = 5350 + -3046. Calculate the highest common factor of c and 132.
12
Let c = 346 + -166. Suppose -h - 8*u + 11*u = -60, 0 = -3*h + 3*u + c. Calculate the highest common divisor of h and 150.
30
Let l be 1 - (-60 - 1) - 2. Suppose -4*s - 5*c = -52, 2*s - 33 + 7 = -4*c. Suppose -61 = -2*d - s. Calculate the greatest common divisor of d and l.
12
Let x = -4988 - -8099. What is the greatest common divisor of 1281 and x?
183
Let y(i) = -22*i + 24 + 115 - i - 4*i - 4. Let m be y(-12). Calculate the greatest common factor of 54 and m.
27
Let i(k) = 5*k - 50. Let t be (-6)/9 + ((-96)/(-9) - -2). Let y be i(t). Let h be 1 + 2 + (11 - -1). Calculate the greatest common factor of h and y.
5
Suppose 2*s + u = -588 + 5157, -9143 = -4*s - 3*u. What is the greatest common divisor of s and 14?
14
Let f(a) = a**3 + a**2 - 5*a + 5. Let n be f(-3). Suppose 3*q - 30 = 3*p - 6*p, -n*p - q = -16. Calculate the greatest common factor of 27 and p.
3
Suppose 0 = -52*d + 467 + 625. Calculate the highest common factor of d and 119.
7
Let w = -241 + 853. Calculate the highest common divisor of 126 and w.
18
Suppose -2*w + 394 = 4*g - 7*g, -4*g - 5*w - 533 = 0. Let i = g - -561. Calculate the greatest common factor of 39 and i.
39
Let h be (11*-1)/1*-2. Let d = 227 - 171. Suppose 3*t - 2*t + d = 5*s, 0 = s + 2*t - 9. Calculate the greatest common factor of s and h.
11
Let y be 174 + (-4 - -6) + 0. Suppose 9*j = 1264 + y. What is the greatest common factor of j and 224?
32
Let o(m) = 6*m**2 + 0*m**2 - 11*m**2 - 1 - 50*m + 16*m. Let t be o(-5). Suppose 4*a + 22 = 5*a. Calculate the highest common divisor of t and a.
22
Let m = -5634 + 5706. Calculate the highest common divisor of 1062 and m.
18
Let b(m) = 11*m**2 - 9*m - 14. Let y be b(-3). Let c be 84/252 - y/(-6). Let q = 35 + -16. What is the highest common factor of c and q?
19
Let d(x) = 36*x**2 - 1665*x - 55. Let v be d(49). What is the greatest common divisor of v and 327?
109
Let x = 3740 - 3332. What is the highest common factor of 51 and x?
51
Let w = 3 - -3. Suppose -4 = 4*g - w*g. Let o = -60 - -62. Calculate the greatest common factor of o and g.
2
Let f be (45/6)/5*40/30. Suppose -2*v - 488 = -4*n + f*v, 5*v - 390 = -3*n. What is the greatest common divisor of n and 50?
25
Let u(b) = b**3 + 25*b**2 + 141*b - 39. Let v be u(-16). Calculate the greatest common factor of v and 4986.
9
Let k(d) = -d**2 + 3*d + 36. Let r be k(8). Let p be (-4556)/(-34) - 1/((-1)/r). What is the greatest common factor of 20 and p?
10
Let s = 1508 - 1387. Calculate the greatest common factor of 5929 and s.
121
Let d(z) = 75*z - 251. Let p be d(8). Let a = p + -339. Calculate the highest common divisor of 290 and a.
10
Let t be 181*(-13 - (-1054)/85)*(-10)/6. What is the greatest common factor of t and 4163?
181
Suppose 853 = l + 3*x, 3*l + 0*x + x = 2583. Calculate the highest common factor of 2 and l.
2
Let p be 1 - 4 - (-7 + (6 - 3)). Let l be (p/(-3))/(5 + 96/(-18)). Let r(h) = 5*h**2 + h. Let a be r(l). What is the greatest common divisor of a and 15?
3
Suppose 4*k + 48 = 2*t, 2*t - 56 = 5*k - 11. Let b = 19 - 19. Suppose b = -0*w + w - 90. Calculate the highest common divisor of t and w.
30
Let w(t) = 3*t**2 + 5*t. Let i be w(-6). Suppose -2*r + o + 2340 = 0, -3*r + 51*o - 54*o = -3510. What is the highest common divisor of r and i?
78
Let r be (0 + 1)*(-584)/(-8). Suppose 49*n = r*n - 864. Suppose -3*t = -t - 504. What is the greatest common factor of t and n?
36
Suppose 0 = -13*o + 12*o + 22. Let d(l) = -l**3 + 24*l**2 + 13*l - 22. Let v be d(o). Suppose 2*f - v = -6*f. What is the greatest common factor of f and 22?
22
Suppose -2*q - 5*g = -1458, -8*q + 4*q + 3*g = -2916. Suppose 79*w + q = 88*w. What is the greatest common factor of w and 18?
9
Suppose s - 26 = -68. Let n be (-364)/s - 2/(-6). What is the highest common factor of n and 3?
3
Let c(a) = a**2 + 45. Let n be c(0). Suppose 3*i - 4 = 14. Let q(r) = 5*r - 15. Let z be q(i). What is the greatest common factor of z and n?
15
Suppose -348 = -66*a - 2988. Let w be (750/a)/((-21)/308). What is the highest common factor of w and 11?
11
Let d be (-10)/(-85)*(-15351)/(-21). What is the highest common factor of d and 15523?
43
Let u(o) = 112*o**2 - 361*o + 2344. Let a be u(6). What is the highest common factor of a and 5?
5
Let x = 409 - 408. Let m be (-8 - 0)/(x + 230/(-210)). Suppose 5*s - 54 = 2*k, -2*s - 2*s = k - 51. What is the greatest common factor of s and m?
12
Suppose 386*i = 159291 + 27533. Calculate the greatest common divisor of 2 and i.
2
Suppose -24*i - 2496 = -50*i. What is the greatest common factor of 30 and i?
6
Let n = 511 + -505. Suppose -2*j + 2*r - n*r = -1132, 0 = -j - 3*r + 561. What is the greatest common factor of 48 and j?
48
Let f(c) = -139 + c + c + 115 + 18*c**2 - c**3. Let a be f(18). Suppose r = -a + 21. Calculate the greatest common divisor of r and 18.
9
Suppose -99*l + 2407 = -1548 + 1183. Calculate the greatest common divisor of l and 1330.
14
Let q(x) = 2*x. Let k be q(0). Let z be (k + -3)*(1 + 0). Let l be ((-315)/42)/(z/4). What is the highest common divisor of 30 and l?
10
Suppose -4*o + 2*o = o. Let s be -1 - (o - 2 - 6/(-3)). Let f(a) = -126*a**3 + 2*a**2 - a - 3. Let r be f(s). What is the greatest common factor of r and 18?
18
Suppose 4*m + 10 + 1 = -3*h, 3*m = -3*h - 6. Let o be (-5)/m + -3 - (0 + -136). Calculate the greatest common divisor of 67 and o.
67
Suppose -4*g = -2*z - 552, -3*g + 404 = 26*z - 30*z. Let v be g/(-15)*36/(-7). Calculate the greatest common factor of v and 336.
48
Suppose 60*s = -58*s + 803 + 495. Suppose 0 = -5*o - 0*o + 110. What is the highest common factor of o and s?
11
Let d(n) = -n**2 + 5*n + 53. Let j be d(10). Suppose -j*w + 85 = -4*v - 47, 5*w + 3*v = 249. Calculate the greatest common factor of 120 and w.
24
Let w(v) = v**3 - v**2 + 2*v. Let m be w(-3). Let q = m - -42. Suppose -n = -q*n - 24. What is the greatest common divisor of 12 and n?
12
Let w = -734 - -742. Calculate the highest common divisor of 29 and w.
1
Let q(y) = 2*y**3 - 8*y**2 + 11*y - 9. Let k be 0/(-1 + -2) + (5 -